{"id":2440,"date":"2025-12-05T17:45:35","date_gmt":"2025-12-05T16:45:35","guid":{"rendered":"https:\/\/www.comm-in-lot.fr\/?post_type=product&#038;p=2440"},"modified":"2025-12-05T17:45:35","modified_gmt":"2025-12-05T16:45:35","slug":"ma-boit-sans-soif","status":"publish","type":"product","link":"https:\/\/www.comm-in-lot.fr\/index.php\/produit\/ma-boit-sans-soif\/","title":{"rendered":"Ma Boit-sans-soif"},"content":{"rendered":"","protected":false},"excerpt":{"rendered":"<p>Bouteille en verre, aspect givr\u00e9\u2026 avec la recette de mon cocktail pr\u00e9f\u00e9r\u00e9\u2026 \ud83d\ude09<\/p>\n<p>Personnalisation avec le v\u00f4tre possible\u2026 n&rsquo;h\u00e9sitez pas \u00e0 me contacter<\/p>\n","protected":false},"featured_media":2413,"comment_status":"closed","ping_status":"closed","template":"","meta":[],"product_brand":[],"product_cat":[165,19],"product_tag":[],"class_list":{"0":"post-2440","1":"product","2":"type-product","3":"status-publish","4":"has-post-thumbnail","6":"product_cat-creationsoriginales","7":"product_cat-comminlot","8":"latest_post","10":"first","11":"instock","12":"taxable","13":"shipping-taxable","14":"purchasable","15":"product-type-simple"},"jetpack_sharing_enabled":true,"_links":{"self":[{"href":"https:\/\/www.comm-in-lot.fr\/index.php\/wp-json\/wp\/v2\/product\/2440","targetHints":{"allow":["GET"]}}],"collection":[{"href":"https:\/\/www.comm-in-lot.fr\/index.php\/wp-json\/wp\/v2\/product"}],"about":[{"href":"https:\/\/www.comm-in-lot.fr\/index.php\/wp-json\/wp\/v2\/types\/product"}],"replies":[{"embeddable":true,"href":"https:\/\/www.comm-in-lot.fr\/index.php\/wp-json\/wp\/v2\/comments?post=2440"}],"wp:featuredmedia":[{"embeddable":true,"href":"https:\/\/www.comm-in-lot.fr\/index.php\/wp-json\/wp\/v2\/media\/2413"}],"wp:attachment":[{"href":"https:\/\/www.comm-in-lot.fr\/index.php\/wp-json\/wp\/v2\/media?parent=2440"}],"wp:term":[{"taxonomy":"product_brand","embeddable":true,"href":"https:\/\/www.comm-in-lot.fr\/index.php\/wp-json\/wp\/v2\/product_brand?post=2440"},{"taxonomy":"product_cat","embeddable":true,"href":"https:\/\/www.comm-in-lot.fr\/index.php\/wp-json\/wp\/v2\/product_cat?post=2440"},{"taxonomy":"product_tag","embeddable":true,"href":"https:\/\/www.comm-in-lot.fr\/index.php\/wp-json\/wp\/v2\/product_tag?post=2440"}],"curies":[{"name":"wp","href":"https:\/\/api.w.org\/{rel}","templated":true}]}}